 (-1 - -6)*(-32)/5. Let u = k + b. What is the remainder when u is divided by 11?
10
Let s(f) = -f + 6. What is the remainder when s(-9) is divided by 3?
0
Suppose 0 = 2*d + 6 - 2. What is the remainder when 115/d*16/(-20) is divided by 16?
14
Suppose 3*i - 4*x - 111 = -26, 118 = 4*i - 3*x. Calculate the remainder when i is divided by 17.
14
Suppose 3*n - 86 = -4*q, -3*n - 2*q + 30 = -2*n. Calculate the remainder when n is divided by 7.
5
Let d = -43 + 78. What is the remainder when d is divided by 19?
16
Let o(a) be the first derivative of -3*a**2/2 + 3*a + 4. Let b be o(-6). Suppose t = -2 + b. Calculate the remainder when 56 is divided by t.
18
Suppose -3*c + 25 = -4*h, -5*c + 4*h = -8*c - 7. Suppose -110 = -c*s + 13. What is the remainder when s is divided by 11?
8
Let q(m) = -m + 3. Suppose -10 = 2*v + 5*z, -3*v - 2*z = -7*z - 35. Calculate the remainder when q(-6) is divided by v.
4
Suppose -3*z = c + c + 3, 0 = c - 4*z - 4. Suppose c = -3*j - 5 - 19. Let d = 14 - j. What is the remainder when d is divided by 8?
6
Let d(b) be the first derivative of 5*b**2/2 + 5*b + 2. Let v = 2 + 3. What is the remainder when d(v) is divided by 16?
14
Let a = -6 - -5. Let y be a/(2 - 123/60). Let q = y + -6. What is the remainder when 40 is divided by q?
12
Let k(y) = 3*y**2 + 1. Let s be (4 - -4) + (-3)/1. What is the remainder when k(-2) is divided by (6/3*s)/2?
3
Suppose -2*m - 279 = -5*d, 0 = -m - 2 - 0. Calculate the remainder when d is divided by 14.
13
Let i(h) be the first derivative of h**2/2 + 13*h + 4. What is the remainder when i(0) is divided by 7?
6
Suppose -b = 2*b - 54. Let v(d) = 7*d - 8. Calculate the remainder when v(6) is divided by b.
16
Let o = 17 - 0. Calculate the remainder when 64 is divided by o.
13
Calculate the remainder when (1/(-3))/(1/(-57)) is divided by 5.
4
Calculate the remainder when 13 is divided by (1 + (0 - 0))*(-65)/(-13).
3
What is the remainder when (-2)/2 + 27/1 is divided by 10?
6
Suppose 9 = k - 1. What is the remainder when (-2)/(-7) + (-992)/(-56) is divided by k?
8
What is the remainder when (3 - 3 - (-1 + -2)) + 60 is divided by 35?
28
Suppose 5*t - 2*v = 113 - 33, -4*t + 66 = -2*v. Let x(f) = f**3 - 5*f**2 - f + 10. What is the remainder when x(6) is divided by t?
12
What is the remainder when 17/(153/180) + (-3)/(-1) is divided by 8?
7
What is the remainder when 141/(4 - 1) - 3 is divided by 15?
14
Suppose -893 = -8*d + 507. Suppose -6*b + d - 49 = 0. Calculate the remainder when b is divided by (0/2 + 11)*1.
10
Suppose 1 = k - 2*k. Let r(z) be the second derivative of -2*z**3/3 + z. Calculate the remainder when 15 is divided by r(k).
3
Let k(c) = -3*c - 51. What is the remainder when 40 is divided by k(-20)?
4
Let k = 7 + 21. Calculate the remainder when 108 is divided by k.
24
Suppose 4*b - 3*b + s = 27, -24 = -b - 4*s. Calculate the remainder when 52 is divided by b.
24
Let l = -44 - -20. Let n = l - -68. Suppose -z + 3*h = -3*z + 39, -5*z - 2*h = -81. Calculate the remainder when n is divided by z.
14
Let d(z) = -2*z**3 + 2*z**2 - 2*z - 2. Let h be d(-3). Suppose -7*o + h = -3*o. Calculate the remainder when o is divided by 10.
9
Suppose -w - w = 30. Let o be 10/w - 8/(-3). Suppose 0 = -o*c - 3*c + 35. What is the remainder when c is divided by 4?
3
Suppose 5*i - 6 = 2*i. Calculate the remainder when 5 is divided by i.
1
Let m = 11 + -4. Let u = 4 - 8. Let y = u + m. What is the remainder when 8 is divided by y?
2
Let p(q) be the first derivative of q**4/4 - 4*q**3/3 + 2*q**2 + 2*q - 2. What is the remainder when p(5) is divided by 10?
7
Suppose -12 = 3*w - 105. Calculate the remainder when 123 is divided by w.
30
Suppose l - 2*h - 11 = 0, -3*l - h = -6*h - 38. Suppose i - l = 3*s, -4*i + 33 = s + 4*s. Calculate the remainder when 46 is divided by i.
10
Let r be 9 - (0 + 1 + 1). Suppose l = 65 - r. Calculate the remainder when l is divided by 20.
18
Suppose 26*w - 25 = 21*w. What is the remainder when 19 is divided by w?
4
What is the remainder when 151 is divided by ((-95)/(-10))/((-2)/(-8))?
37
Suppose -4*n + 2*m = -3*m - 246, m - 234 = -4*n. Calculate the remainder when n is divided by 12.
11
Suppose 2*l - 2 = -3*l + 4*h, h - 2 = 0. Suppose -5*q + 147 = -68. Calculate the remainder when q is divided by 165/3*l/5.
21
Suppose 3*t - 91 + 4 = 0. Calculate the remainder when t is divided by 8.
5
Suppose 0 = -0*d + d - 5*h + 14, 2*h = -d + 7. Suppose n + 3*j + d = 0, -n + 6*n - 31 = 3*j. Suppose n*m = 4 + 1. What is the remainder when 1 is divided by m?
0
Let l(f) = f**3 + 9*f**2 - f - 11. Suppose 0 = -o - 5*q + 2, -13 = 2*o - 4*q + 11. What is the remainder when l(o) is divided by 16?
13
Suppose -5*w + 136 = f, 2*f = 3*w - f - 78. Calculate the remainder when w is divided by 7.
6
Let v(j) = -j**2 + 7*j + 1. Let a = 1 + 4. What is the remainder when v(a) is divided by (0 + 4)*1 + 0?
3
Suppose 2*n - 6*n + 5*q + 504 = 0, -n + 147 = 4*q. Calculate the remainder when n is divided by 27.
23
Let k(c) be the second derivative of -c**5/20 - 7*c**4/6 + c**3/6 + 9*c**2 + 7*c. Calculate the remainder when 11 is divided by k(-14).
3
Let l(r) = -r**3 - r**2 + r + 20. Calculate the remainder when 59 is divided by l(0).
19
Let m(d) = -2*d**2 - 15*d + 14. What is the remainder when 35 is divided by m(-8)?
5
Let x(h) = 2*h**2 + 5*h + 3. Calculate the remainder when 22 is divided by x(-3).
4
Suppose -5*d + 52 = -38. Let g = 219 - 384. What is the remainder when 2*(g/(-6) - 1) is divided by d?
17
Let n = -24 - -25. Calculate the remainder when n*91 - (4 - 6) is divided by 24.
21
Suppose -5*w + 2 = b - 1, -w - 21 = 2*b. Calculate the remainder when -2*(-33)/b*-2 is divided by -6*1*1/(-1).
5
Calculate the remainder when 20 is divided by 6/(-51) + 206/17.
8
Suppose 4*g = -3*j + j + 4, 3*j - 8 = -4*g. Let m = 32 - 5. What is the remainder when m is divided by 6/j*(-20)/(-3)?
7
Suppose t - 2*t = -2. Calculate the remainder when (-3)/((-284)/136 + t) is divided by 12.
10
Let d be (1 - (-3)/(-3))/(-2). Suppose 2*h + 2 - 30 = d. Calculate the remainder when 27 is divided by h.
13
Let z(p) = p**3 - 2*p**2 + p - 2. Let a be z(3). Suppose -3*g + a = 2*g + 4*q, -24 = 2*g - 4*q. Let o = 11 + g. What is the remainder when 26 is divided by o?
8
What is the remainder when (3 + 18 - 2)/1 is divided by (-10)/3*12/(-8)?
4
Let h be ((-2)/4*-8)/(-1). Let z = h + 15. What is the remainder when z is divided by 6?
5
Let k(l) = -l**2 - 13*l - 2. Calculate the remainder when 25 is divided by k(-12).
5
Calculate the remainder when 54 is divided by (-5 - 0)*22/(-10).
10
Suppose 3*m + 37 = -0*g + 2*g, 3*g + 4*m - 30 = 0. Calculate the remainder when 21 is divided by g.
7
Let s(m) = 2*m + 5. Let g be s(-4). Let p(a) = -a - 1. Suppose 0 = 4*h - 0*h - 4. Calculate the remainder when p(g) is divided by h.
0
Let n = -34 + 81. What is the remainder when n is divided by 10?
7
Let b(t) = 5*t**2 + t + 2. Calculate the remainder when 118 is divided by b(2).
22
Suppose 3*a - 168 = -0*a + 3*b, b = 0. What is the remainder when a is divided by 19?
18
Let z be -1*(-2 - -2) - -9. Let f = 13 - z. Suppose 4*l = -2*b + 82, 0 = 2*l - l + f*b - 38. Calculate the remainder when 34 is divided by l.
16
Calculate the remainder when (16/(-5))/((-3)/30) is divided by 5.
2
Let k(r) = 2*r - 6. Let t be k(-7). Calculate the remainder when ((-18)/(-15))/((-3)/t) is divided by 3.
2
Let l(v) = v + 8. What is the remainder when 49 is divided by l(5)?
10
Suppose -2*a = -3*u + 179, -3*u + 2*a + 2*a + 181 = 0. Calculate the remainder when u is divided by 21.
17
Let j = 48 - 18. Suppose 0*c + j = 3*c. What is the remainder when c is divided by 4?
2
Let b(y) = -9 - 5*y - 4*y - y. Let l be b(-6). Suppose 3 = -3*g + l. Calculate the remainder when 47 is divided by g.
15
Suppose 0 = c + c - 6. Suppose 8*w + 4 = 6*w. What is the remainder when (1/w)/((-5)/30) is divided by c?
0
Calculate the remainder when 3*1 - 1 - 615/(-41) is divided by 9.
8
Let k(o) = 2*o**2 + 10*o - 2. Suppose 5*n - 15 = j - 6*j, -5*j = -3*n + 9. What is the remainder when k(-7) is divided by 1*8 + (4 - n)?
8
Let n = -16 - -22. What is the remainder when 10 is divided by n?
4
Suppose 0 = 17*j - 12*j - 855. What is the remainder when j is divided by 43?
42
Let h(g) = 4*g**2. Suppose 2*p + 8 = -2*p, -l + 34 = -3*p. 